f -6 + 2 + (6 + -2 - 6)?
-6
Evaluate 1 + (-1 - -9 - (0 - -7)).
2
3 - (2 + (-2 - -1)) - -4
6
(-5 - -1) + (-19 - -19) - -5
1
What is (-1 - (-12 + 11)) + -6?
-6
Calculate (-7 - (-7 - -6)) + (4 - 2).
-4
(2 - (2 + -4)) + -2
2
What is the value of (-4 + (12 - 8) - -1) + -9?
-8
What is the value of -2 + (3 - 3) + (8 - 3)?
3
Calculate (4 - 8 - -4) + (-1 - -2).
1
Calculate 7 + (4 - 2 - (0 - -6)).
3
What is the value of 5 - 3 - (9 + -10 + 5)?
-2
What is 0 + -2 + (5 - -2 - 1)?
4
What is the value of -4 + 0 - 0 - (-4 - -2)?
-2
(9 - 1) + -8 - 2
-2
-1 + 6 + -4 + 3 + -2
2
What is 4 - (6 - (2 + 0))?
0
Calculate -8 + -5 + 12 - 6.
-7
Evaluate -13 + -9 + 10 - -22.
10
Evaluate (-1 + 5 - -5) + -15.
-6
What is 16 - 20 - (8 + -5)?
-7
Evaluate (-5 - -8) + -2 + -4.
-3
What is -1 + (-2 + -10 - -7)?
-6
Calculate 7 + -3 + (-7 - (-15 + 7)).
5
(4 - 7) + 7 - 11
-7
Calculate 2 - (8 - 12 - (-3 + 2)).
5
Calculate 1 + -8 + (-133 - -141).
1
Evaluate -4 + -3 - (10 + -20).
3
-1 + (-4 - (-6 + 0)) + 3
4
Calculate (9 - 8) + -1 + 1 + -4.
-3
7 - (8 - (1 + -1))
-1
Calculate 1 - -13 - 10 - -3.
7
What is the value of -2 - 0 - (4 - 4 - 4)?
2
Calculate -5 + (-1 - -4 - (0 - 1)).
-1
What is the value of -30 + 31 - (-1 + 4)?
-2
Evaluate (-1 - -3) + (6 - 9 - 6).
-7
Calculate -7 - -1 - (18 - 17).
-7
What is the value of -2 + (-4 - 1 - -11)?
4
Calculate -2 + -3 + 1 + (-1 - -1).
-4
Calculate (6 - (5 + -9)) + -5.
5
Evaluate -15 + 9 - (-1 - 4).
-1
What is the value of (-3 - (5 + -1)) + (-9 - -22)?
6
What is the value of 3 - ((-3 - 0) + 9) - -7?
4
7 + (1 + -1 - (-7 + 3))
11
Evaluate 8 + -8 + (-4 - (6 - 2)).
-8
What is (0 - -2 - -1) + (32 - 31)?
4
What is 2 - (1 - (-6 + 8))?
3
Calculate -13 - (6 + -18 + 6).
-7
Evaluate (-7 - -13 - -4) + -5.
5
What is the value of -3 + (19 - (-5 + 10 + 0))?
11
(-4 + -10 - -11) + 9
6
(0 - 6) + 6 + -3
-3
What is -2 + (4 - -6 - -9) + -8?
9
What is the value of -6 - (-1 + 3 + -3)?
-5
What is 0 - (-4 - (-1 - 0))?
3
Calculate 2 + -8 + (9 - 8).
-5
What is (0 + -1 - (-3 + 3)) + 6?
5
(-6 - (-7 + 4)) + 7 + -4
0
What is the value of (-1 - (-2 + -4 + 3)) + 2?
4
What is -2 + -3 + 0 - (-3 - 7)?
5
What is -4 - (-2 - (0 + 1))?
-1
Calculate 2 + 0 + 0 + (5 - 11).
-4
Calculate ((3 - 4) + 6 - 11) + 4.
-2
(21 - 33) + (-2 - -10)
-4
2 + (-5 - 1) + 8
4
Evaluate 0 - (4 + (4 - 3)).
-5
-12 + (1 + 3 - 2)
-10
(4 + -1 - 8) + 4
-1
-2 + -3 + (2 - 2)
-5
What is the value of 1 + (-2 + -1 + -1 - 2)?
-5
(0 - -3) + (15 - (-7 + 19))
6
What is the value of -14 + -5 + 5 + 8?
-6
-4 + -1 - -4 - 4
-5
Evaluate 0 + (-4 + -1 - -9).
4
What is the value of -1 + -4 + (15 - 13)?
-3
What is 52 - 60 - (-2 - 2)?
-4
Evaluate (-4 - -12 - 1) + -4.
3
Calculate (-65 - -61) + (11 - 0).
7
What is (-8 - -1) + 12 + -13?
-8
Calculate -1 + (2 - -1) - -2.
4
What is the value of (-3 - -6) + 2 - 6 - 3?
-4
Calculate (1 - (-2 - 0)) + (25 - 24).
4
Calculate (6 - 2) + (-5 - -10 - 11).
-2
Calculate (3 - -1) + 3 - (0 - 2).
9
What is the value of -3 - 4 - (0 - -1)?
-8
What is the value of 2 - (2 + 2 + 1) - -2?
-1
Evaluate -1 + (6 - -2) + -4 - 1.
2
What is the value of ((2 - 10) + 4 - -6) + 0?
2
What is -2 + (5 - 7 - (-1 - 1))?
-2
What is the value of (1 - (0 - -2)) + -2?
-3
-1 - (4 + -4 - -1)
-2
Evaluate -1 + 8 + -14 + 3.
-4
What is -1 + (-1 - 0) - -3?
1
Calculate -2 + (-13 + 1 - -13).
-1
9 + -4 + -7 - 1
-3
What is -4 - ((1 - 1) + -1 + 2)?
-5
-9 + (1 - -1) + 0 + 2
-5
2 + 3 + -8 - (0 + 1)
-4
4 - (3 + 3 + -5 + 1)
2
What is -1 + (-8 + 3 - -10 - 0)?
4
What is (10 - 2 - (-12 - -18)) + -2?
0
What is the value of 6 - (-3 - (-3 + -3)) - -1?
4
Evaluate 1 + -5 + 3 + -1.
-2
Evaluate 7 + (-8 - 4) + 7.
2
Calculate 1 + -8 - (-82 - -73).
2
What is 44 + -45 + 0 + (2 - 0)?
1
Calculate 4 + 0 - ((5 - -1) + -7).
5
Evaluate (-3 - (-5 + 1)) + (-8 - -4).
-3
Evaluate (-2 - (-14 + 8)) + -9 + -1.
-6
(6 - 11) + (-1 - -3)
-3
Calculate (19 - 31) + 13 + -8 + 1.
-6
Evaluate -14 + 21 + (3 - 7).
3
(-4 + 1 - 0) + 1 + -2
-4
What is 9 + -1 - -11 - 13?
6
What is (8 - (12 - 3)) + -2?
-3
Calculate -3 + 3 - (-3 - 0).
3
Evaluate 1 + -2 - (-94 + 94).
-1
What is the value of -11 + 13 - ((-5 - -4) + 1)?
2
Evaluate (-3 - -3) + -5 + 4 + -5.
-6
Evaluate (0 - -2 - 2) + (-35 - -34).
-1
Calculate (-32 - -34) + 2 + 0 + 1.
5
What is the value of -9 - (2 + (1 - (-5 - -6)))?
-11
Calculate -5 + -3 + 5 + 0.
-3
Calculate 16 - 19 - (3 + 1).
-7
What is (7 + -1 - 8) + -2?
-4
Calculate -1 + 2 + 3 + 0.
4
12 - 7 - 7 - -1 - -4
3
Calculate -2 - ((54 - 57) + 1 + -4).
4
What is (8 - -5 - 5) + -4?
4
What is the value of 7 + -13 - (16 + -20)?
-2
Calculate 0 - -2 - 2 - 3.
-3
What is -18 - (-18 - (-15 + 7))?
-8
What is 2 + -4 + -2 + 11?
7
What is the value of 0 - (6 - (-2 + 7))?
-1
What is the value of (-4 - (2 + 2 + -5)) + 4?
1
What is the value of -3 - (2 - 1) - -8?
4
What is -8 + 17 + -2 - 11?
-4
-11 + (9 - (9 + -8))
-3
(-1 - (-4 + -8)) + -5
6
Evaluate (8 - 0) + -6 + 0 + -1.
1
What is the value of -7 - (-2 + -2 + 3 - 3)?
-3
0 + 1 - -1 - (1 + -4)
5
What is -4 + -1 + 2 + 7?
4
What is 0 + 5 + -3 - -3?
5
Calculate 3 - 2 - ((9 - -3) + -10).
-1
What is (8 - 7) + (-1 - 0)?
0
What is 3 + 3 + -4 + -1?
1
0 - (4 + -2 + 1)
-3
Calculate (1 - (3 + (2 - 7))) + -6.
-3
Calculate 0 + 7 + -8 + 3 - 3.
-1
Calculate 3 - 6 - 0 - -1.
-2
-5 + 13 + -20 + 10
-2
Evaluate 5 - (6 - 1) - (13 + -4).
-9
Calculate 2 + 1 + 0 + 1 - 5.
-1
Evaluate -8 - (3 + -2 + -5).
-4
What is 13 + (-27 - -9) + -1 + 2?
-4
3 + (-3 - 1) - (-20 + 16)
3
What is 1 + 5 + -7 + 11?
10
Calculate (-5 - -3) + 4 + -7.
-5
What is the value of -39 + 36 + 1 + 8 + -2?
4
7 + 5 - 7 - 9
-4
What is the value of -14 + (0 + 11 - -9)?
6
What is the value of 5 + -5 - 5 - (1 - 0)?
-6
Calculate (5 - (6 + -8)) + -8.
-1
What is the value of 3 + (-1 - -1) - 6 - 1?
-4
What is the value of 5 - (-5 - (-5 + -6)) - -6?
5
Calculate (1 - 1) + 2 + (-33 - -35).
4
What is -2 - (-8 - -4 - -3)?
-1
What is -6 + 0 - (3 + -4 + -3)?
-2
What is the value of (1 - 4) + 3 + 12 + -4?
8
-14 + -5 + 9 + 7
-3
What is -4 + 6 - (4 + -3)?
1
1 + -4 + -2 + 2
-3
What is the value of -5 - (12 + -6 - 11)?
0
Evaluate (0 - -2) + -5 + 2.
-1
0 + 3 + 0 + -3
0
What is the value of -14 + (15 - 3) + -4?
-6
5 + (-4 - 0) + -1
0
What is the value of 11 - ((-3 - -18) + -9)?
5
What is -4 - (-3 - (1 - -2 - 9))?
-7
Calculate -4 + (-5 - -10) + -4.
-3
What is the value of (-4 - 0) + (16 + -9 - 2)?
1
Calculate (5 - (10 - -1)) + (1 - 0).
-5
0 - (-1 - 2) - 8
-5
What is 0 - (-6 - ((-4 - -9) + -11))?
0
Calculate (-4 - -1) + 0 + (-1 - -5).
1
What is the value of (-6 - (-1 - -4)) + (-5 - -7)?
-7
What is the value of -1 + -1 + 0 + 1?
-1
Calculate (9 - 6) + -5 - 3.
-5
Evaluate -5 + 8 + -11 + 14.
6
What is the value of -6 + 0 - (-16 + 1 + 3)?
6
What is the value of 16 + -14 + (-4 - 5 - -6)?
-1
Evaluate 11 + (-4 - (3 + 11)).
-7
What is 1 + 2 + -3 + 5?
5
Evaluate -1 + (-4 - (1 - 1)).
-5
Evaluate 2 + 0 + (-5 - -2) + 3.
2
What is -4 + -1 - (6 + -8)?
-3
Calculate -5 - (-2 - -2) - -1.
-4
What is the value of 29 - 34 - (1 + 0)?
-6
Evaluate -6 + -2 + (5 - -1).
-2
What is the value of -2 + 6 + (6 - 11)?
-1
(-6 - (-11 - -11)) + 12
6
(-1 - -5) + (-5 - -2 - 0)
1
What is 2 + (-5 + -1 - (27 - 37))?
6
What is (-3 - -13) + -9 - 5?
-4
What is 3 + -1 - (-9 + 16)?
-5
What is the value of -12 - -3 - (0 - 9)?
0
Evaluate -6 + (10 - 3) - (-1 + 0).
2
Evaluate (-2 - 1) + (21 - 11).
7
(8 - (-1 + 2)) + 9 + -12
4
Evaluate -2 + 6 + 2 + -6.
0
What is the value of (-7 - -2 - -1) + (0 - -2)?
-2
Calculate 16 - 29 - (-7 + -3).
-3
Calculate -3 + (-10 - -11) + -5.
-7
What is -2 + 6 - (2 - (-5 - -1))?
-2
What is the value of 16 - (2 - -10) - (10 + -1)?
-5
-10 - (-2 - -2) - -15
5
What is -1 + -6 - (-56 - -49)?
0
What is (-2 - (-3 + -3)) + -8?
-4
Calculate -7 - (10 - 5 - (3 + 6)).
-3
Evaluate -4 - (3 - 3 - 1).
-3
Calculate 4 + -1 + -2 + (0 - -4).
5
What is 4 - (4 + 1 + -3 + 0)?
2
9 + -13 + 9 + -12
-7
What is (-1 - (11 + -20)) + -3 + -1?
4
What is the value of (-5 - (1 - 5)) + 2?
1
What is (8 - 0) + 4 - 8?
4
5 + -3 + 5 + -11 + 5
1
What is -1 + 0 - (-11 - -9)?
1
What is -8 - (-7 - -2) - (-6 + 0)?
3
What is the value of 4 - (-4 + (3 - -3))?
2
Calculate (2 - (3 - 2)) + -3 + 6.
4
What is -2 - (0 + -4 + 7)?
-5
Calculate -7 + (4 - 5) + 2 + 4.
-2
Calculate -2 - -11 - (106 - 100).
3
-1 + 3 + (12 - (-12 + 19))
7
What is the value of 0 + (0 - 1 - -3) + 1?
3
Calculate -11 + 6 + (10 - 0).
5
Ev